e?
True
Is 13787 a prime number?
False
Is 406067 composite?
False
Is 2203 composite?
False
Is 1481 composite?
False
Is 79687 composite?
False
Is 894909 a prime number?
False
Is 122887 prime?
True
Is 877313 a composite number?
False
Is 216267 a prime number?
False
Is 311099 composite?
False
Is 33247 a prime number?
True
Is 2526349 composite?
True
Is 5755 a composite number?
True
Is 448579 a composite number?
True
Is 2389 a composite number?
False
Is 22559 composite?
True
Is 16145 prime?
False
Is 971 a composite number?
False
Is 692221 a composite number?
False
Is 12451 a prime number?
True
Is 42607 a composite number?
True
Is 121213 prime?
False
Is 21377 a prime number?
True
Is 30341 a prime number?
True
Is 137627 composite?
True
Is 452009 a prime number?
True
Is 133631 a composite number?
False
Is 4661 a composite number?
True
Is 2813 composite?
True
Is 42953 a composite number?
False
Is 5749 composite?
False
Is 632137 prime?
False
Is 21085 a composite number?
True
Is 532061 a prime number?
True
Is 10771 a composite number?
False
Is 4367 prime?
False
Is 1182253 composite?
False
Is 211321 a composite number?
True
Is 5623 prime?
True
Is 233349 prime?
False
Is 11278 prime?
False
Is 50239 composite?
True
Is 14197 a composite number?
False
Is 1733 composite?
False
Is 29105 prime?
False
Is 4573 prime?
False
Is 116563 prime?
False
Is 3427 a prime number?
False
Is 122243 a composite number?
True
Is 583 a prime number?
False
Is 7261 a prime number?
False
Is 4889 prime?
True
Is 25667 composite?
False
Is 227693 prime?
True
Is 126941 prime?
False
Is 1049 composite?
False
Is 7559 a composite number?
False
Is 8615 a prime number?
False
Is 1543 prime?
True
Is 1369243 a prime number?
True
Is 24607 composite?
True
Is 10639 composite?
False
Is 28895 a composite number?
True
Is 244865 a prime number?
False
Is 7817 a composite number?
False
Is 2471 a composite number?
True
Is 177883 prime?
True
Is 70777 prime?
False
Is 4427 a composite number?
True
Is 270301 composite?
True
Is 704842 a composite number?
True
Is 82883 prime?
True
Is 15091 composite?
False
Is 167381 prime?
True
Is 9239 composite?
False
Is 66335 composite?
True
Is 511409 a composite number?
False
Is 90163 prime?
True
Is 44779 a prime number?
False
Is 794459 a prime number?
False
Is 13349 composite?
True
Is 226363 composite?
True
Is 4322 composite?
True
Is 210935 a composite number?
True
Is 10471 composite?
True
Is 113279 prime?
True
Is 354653 prime?
False
Is 692239 a prime number?
True
Is 774757 composite?
False
Is 325891 a composite number?
False
Is 18041 a prime number?
True
Is 16481 prime?
True
Is 33133 composite?
True
Is 65339 a composite number?
True
Is 88289 composite?
False
Is 1439 a composite number?
False
Is 342791 composite?
False
Is 412771 a prime number?
True
Is 12059 composite?
True
Is 41381 composite?
False
Is 14 composite?
True
Is 316121 prime?
False
Is 185278 a prime number?
False
Is 120077 a composite number?
False
Is 631447 composite?
True
Is 24257 a composite number?
True
Is 256721 a prime number?
True
Is 51101 a prime number?
False
Is 102683 composite?
True
Is 422611 a prime number?
False
Is 132401 a prime number?
False
Is 257249 a composite number?
False
Is 12761 prime?
False
Is 7277 composite?
True
Is 408997 a composite number?
False
Is 289402 prime?
False
Is 953 a prime number?
True
Is 22957 prime?
False
Is 136573 prime?
True
Is 582655 composite?
True
Is 9267 prime?
False
Is 1168619 a prime number?
True
Is 1863361 prime?
True
Is 3631 a prime number?
True
Is 2099 a composite number?
False
Is 59263 a prime number?
True
Is 97397 a prime number?
True
Is 116189 composite?
False
Is 132083 a prime number?
False
Is 14651723 composite?
False
Is 4699 composite?
True
Is 219229 a composite number?
True
Is 97013 composite?
True
Is 2140805 prime?
False
Is 86923 a prime number?
True
Is 41863 a composite number?
False
Is 1271 prime?
False
Is 198713 composite?
True
Is 60289 a composite number?
False
Is 369617 a composite number?
True
Is 58309 composite?
False
Is 31082 composite?
True
Is 43961 composite?
False
Is 1338383 a prime number?
False
Is 6547 composite?
False
Is 668819 a prime number?
False
Is 118 a prime number?
False
Is 271957 a composite number?
True
Is 14095 a prime number?
False
Is 5713 composite?
True
Is 1862123 prime?
True
Is 40045 a composite number?
True
Is 7157 prime?
False
Is 43387 prime?
False
Is 4271 prime?
True
Is 1464253 composite?
True
Is 3981 composite?
True
Is 41461 composite?
True
Is 528343 a prime number?
False
Is 3546409 prime?
True
Is 119065 prime?
False
Is 78413 prime?
False
Is 648691 a prime number?
False
Is 331651 prime?
True
Is 174319 a composite number?
True
Is 595955 prime?
False
Is 26227 composite?
False
Is 176069 prime?
False
Is 51257 a prime number?
True
Is 769 a composite number?
False
Is 4703 composite?
False
Is 7234771 composite?
False
Is 263641 prime?
False
Is 18371 a composite number?
False
Is 1276949 prime?
True
Is 15307 composite?
False
Is 1565699 a prime number?
False
Is 4835 a prime number?
False
Is 287321 a composite number?
False
Is 381077 a composite number?
False
Is 9602 a composite number?
True
Is 1655 prime?
False
Is 646519 composite?
False
Is 1049935 a prime number?
False
Is 6941 a prime number?
False
Is 314729 a composite number?
True
Is 449 composite?
False
Is 123 composite?
True
Is 157621 a composite number?
True
Is 45377 prime?
True
Is 6947 a prime number?
True
Is 45593 a prime number?
False
Is 11257 a composite number?
False
Is 196961 a prime number?
True
Is 87779 prime?
False
Is 19322 a composite number?
True
Is 230749 composite?
True
Is 1077 composite?
True
Is 16163 a prime number?
False
Is 5971 a prime number?
False
Is 1032833 a composite number?
False
Is 256469 a composite number?
False
Is 734087 prime?
True
Is 548291 composite?
False
Is 122663 prime?
True
Is 46047 prime?
False
Is 26755 prime?
False
Is 1657 composite?
False
Is 15419 a composite number?
True
Is 479863 a composite number?
True
Is 1780573 a composite number?
False
Is 6229 a prime number?
True
Is 25793 composite?
False
Is 632581 composite?
True
Is 31639 composite?
True
Is 271723 prime?
True
Is 438551 prime?
True
Is 15053 a prime number?
True
Is 1480883 composite?
False
Is 346751 a prime number?
True
Is 541 a composite number?
False
Is 437909 composite?
False
Is 2767 a prime number?
True
Is 34951 a prime number?
False
Is 147689 composite?
False
Is 113647 a composite number?
False
Is 2315011 prime?
False
Is 10709 a prime number?
True
Is 414413 a composite number?
False
Is 18947 a composite number?
False
Is 4621 composite?
False
Is 1507757 a composite number?
True
Is 3898 a composite number?
True
Is 423977 a prime number?
True
Is 414991 prime?
True
Is 558563 a prime number?
True
Is 205271 a composite number?
True
Is 323 prime?
False
Is 634079 prime?
True
Is 6163 a composite number?
False
Is 204857 a prime number?
True
Is 13569 prime?
False
Is 2091119 a composite number?
True
Is 5737 composite?
False
Is 6317 a composite number?
False
Is 6779 prime?
True
Is 42145 prime?
False
Is 16679 a composite number?
True
Is 288247 a composite number?
False
Is 22642 composite?
True
Is 224459 composite?
True
Is 4629 a prime number?
False
Is 1361 a composite number?
False
Is 1817 prime?
False
Is 24317 prime?
True
Is 4783 prime?
True
Is 1610333 prime?
True
Is 7603 a prime number?
True
Is 174601 a composite number?
True
Is 96491 composite?
True
Is 763 prime?
False
Is 53479 a composite number?
False
Is 46039 a composite number?
True
Is 7145465 a prime number?
False
Is 164953 a prime number?
True
Is 60321 composite?
True
Is 1055113 a composite number?
False
Is 15811 composite?
True
Is 240073 a composite number?
False
Is 199645 prime?
False
Is 441163 a composite number?
True
Is 20873 a composite number?
False
Is 1459697 a prime number?
False
Is 289131 a composite number?
True
Is 6683 composite?
True
Is 8513 a composite number?
False
Is 5557 a composite number?
False
Is 8977 a prime number?
False
Is 133909 prime?
False
Is 22493 composite?
True
Is 33679 a composite number?
False
Is 21961 a prime number?
True
Is 608479 composite?
True
Is 1072103 composite?
False
Is 34163 composite?
True
Is 2586911 a prime number?
True
Is 144817 a composite number?
False
Is 113441 a composite number?
True
Is 